20*l**2 - 61*l + 39. Give m(16).
87
Let n(h) = -32*h**2 - 140*h - 279. What is n(-2)?
-127
Let j(v) = 2*v**3 - 139*v**2 + 205*v - 60. What is j(68)?
8
Let u(l) = l**2 + 63*l + 893. What is u(-39)?
-43
Let l(f) = 8*f + 158. Calculate l(-26).
-50
Let k(n) = n**3 + 57*n**2 - 173*n - 3266. What is k(-59)?
-21
Let d(k) = -3*k**3 + 24*k**2 + 34*k - 275. What is d(8)?
-3
Let u(k) = -62*k**3 - 7*k**2 - 4*k + 2. Give u(-1).
61
Let x(d) = -d**3 - 50*d**2 - 56*d + 1961. Determine x(-48).
41
Let h(r) = 5*r + 21. Give h(29).
166
Let y(b) = b**3 - 20*b**2 - 113*b + 185. Give y(24).
-223
Let x(n) = n**3 + 10*n**2 - 211*n - 755. Determine x(-19).
5
Let a(q) = -2*q**2 - 79*q + 131. Determine a(-41).
8
Let n(h) = h**3 + 25*h**2 - 120*h - 73. Determine n(-29).
43
Let i(j) = -j**2 + 8*j + 17. Determine i(-6).
-67
Let w(h) = 41*h - 497. Determine w(13).
36
Let m(j) = -300*j + 1965. Determine m(7).
-135
Let z(t) = -4*t + 98. Determine z(26).
-6
Let s(h) = 1278*h - 1227. What is s(1)?
51
Let p(y) = -4*y**3 + 27*y**2 - 30*y + 9. Determine p(7).
-250
Let i(m) = 5*m**2 - 209*m - 25. What is i(42)?
17
Let b(y) = -172*y - 3482. What is b(-21)?
130
Let n(k) = -90*k - 9062. Give n(-101).
28
Let w(g) = -4*g - 402. What is w(-105)?
18
Let z(d) = 9*d**3 - 44*d**2 - 13*d + 44. Determine z(5).
4
Let z(r) = -r**3 - 21*r**2 - 22*r - 24. Give z(-20).
16
Let s(n) = -5*n**2 - 170*n + 346. Give s(2).
-14
Let b(q) = 2*q**2 + 65*q + 46. What is b(-32)?
14
Let i(x) = -2*x**2 + 9*x + 4. Calculate i(-3).
-41
Let q(o) = 1080*o + 17290. Calculate q(-16).
10
Let l(f) = 5*f**2 + 31*f - 36. What is l(-8)?
36
Let c(r) = 933*r - 14. Give c(0).
-14
Let a(j) = 2*j**2 + 135*j - 48127. What is a(125)?
-2
Let q(n) = -121*n - 18756. Determine q(-155).
-1
Let l(d) = -265*d - 11915. What is l(-45)?
10
Let s(v) = -v**3 + 14*v**2 - 72*v + 147. Calculate s(6).
3
Let q(h) = h**3 - 2*h**2 + 46*h + 24. Calculate q(0).
24
Let o(h) = -11*h**2 - 7099*h + 7100. Give o(1).
-10
Let p(x) = 2*x**2 - 6*x - 59. Give p(-8).
117
Let x(f) = -3*f**2 + 6*f - 61. Calculate x(12).
-421
Let a(l) = -l**2 + 3*l + 13. Give a(-10).
-117
Let c(q) = -43*q**2 + 688*q. What is c(16)?
0
Let x(j) = -j**3 - 11*j**2 + 10*j - 41. Give x(-12).
-17
Let j(b) = -35*b - 137. What is j(-5)?
38
Let t(q) = -q**2 + 7*q + 115. What is t(-6)?
37
Let n(p) = 8*p**2 + 19*p + 79. Determine n(-4).
131
Let g(v) = v**3 - 43*v**2 - 94*v + 134. Determine g(45).
-46
Let d(r) = 2*r**3 + 101*r**2 + 87*r + 1864. Determine d(-50).
14
Let w(y) = -3*y**3 - 4*y**2 - 39*y + 43. What is w(1)?
-3
Let k(r) = r**3 + 7*r**2 - 35*r + 35. Calculate k(-11).
-64
Let u(b) = 2*b**3 + 49*b**2 - 134*b - 7. Calculate u(-27).
-34
Let q(i) = i**3 + 29*i**2 + 68*i + 15. What is q(-26)?
275
Let h(d) = -9*d**3 + 55*d**2 + 2*d + 15. Determine h(6).
63
Let m(v) = 32*v - 29. Determine m(3).
67
Let q(h) = -8*h**2 - 8*h - 12. What is q(-3)?
-60
Let n(y) = 2*y**2 - 1341*y - 8090. Calculate n(-6).
28
Let n(z) = z**3 + 6*z**2 + 913*z + 6420. Give n(-7).
-20
Let h(a) = a**3 + 18*a**2 - 23*a - 102. What is h(-19)?
-26
Let r(m) = -3*m**2 - 108*m - 311. Determine r(-3).
-14
Let s(r) = r**3 + 23*r**2 - 8*r - 22. Calculate s(0).
-22
Let i(d) = d**3 + 44*d**2 + 3*d + 127. Calculate i(-44).
-5
Let g(r) = r**2 - 17*r - 55. Calculate g(21).
29
Let y(v) = 7*v**2 + 7*v + 2. What is y(2)?
44
Let q(l) = 2*l**3 + 30*l**2 - 11*l - 112. Calculate q(-15).
53
Let b(u) = u**2 - 8. Give b(-5).
17
Let c(y) = y**3 - 7*y**2 - 35*y - 120. What is c(11)?
-21
Let h(w) = -2*w**2 - 643*w + 3247. Calculate h(5).
-18
Let o(f) = -27*f + 205. Give o(-3).
286
Let v(d) = 7*d - 59. Give v(10).
11
Let a(c) = c**3 - 24*c**2 - 117*c + 3237. Give a(23).
17
Let o(a) = 29*a + 379. What is o(-13)?
2
Let l(b) = 65*b + 91. What is l(5)?
416
Let b(k) = 26*k**3 - 6*k**2 - 9*k - 10. What is b(-1)?
-33
Let x(t) = 1407*t - 66126. Determine x(47).
3
Let y(w) = w**2 + 13*w + 78. Determine y(-7).
36
Let z(l) = l**3 + 4*l**2 - 37*l - 123. Determine z(-5).
37
Let k(q) = -4*q**3 + 4*q**2 - 3*q - 80. Calculate k(6).
-818
Let v(n) = 101*n + 368. What is v(-4)?
-36
Let a(p) = -p**3 - 36*p**2 + 37*p - 130. Calculate a(-37).
-130
Let f(p) = -23*p + 577. Give f(25).
2
Let w(b) = 44*b**2 - 966*b - 44. Give w(22).
0
Let b(g) = 37*g**2 + 367*g + 2213. Calculate b(-6).
1343
Let u(z) = 12*z**2 + 226*z + 84. Determine u(-19).
122
Let q(k) = -2*k**3 - 182*k**2 - 8*k - 733. Give q(-91).
-5
Let m(a) = -a**2 + 15*a + 1006. Give m(-25).
6
Let x(c) = c**3 + 120*c**2 + 880*c. What is x(-8)?
128
Let k(r) = -r**2 - 14*r - 177. What is k(-10)?
-137
Let s(o) = 5*o**2 + 121*o + 269. Determine s(-22).
27
Let u(o) = 1149*o - 2297. Calculate u(2).
1
Let p(w) = 31*w + 319. What is p(-9)?
40
Let s(v) = -51*v**3 + 8*v**2 - 14*v + 6. Give s(1).
-51
Let d(z) = 2*z**2 + 27*z - 723. Determine d(-27).
6
Let g(r) = -3*r**2 - 62*r - 20. Give g(-21).
-41
Let w(c) = 3*c - 66. Determine w(24).
6
Let s(d) = -d**3 + 4*d**2 - 5*d + 55. Calculate s(7).
-127
Let j(c) = -c**3 + 22*c**2 + 101*c + 50. Determine j(26).
-28
Let q(a) = 24*a - 1522. Determine q(65).
38
Let q(d) = -d**2 - 133*d - 4216. Give q(-55).
74
Let c(k) = 20*k + 162. Determine c(-7).
22
Let v(p) = -4*p**3 - 2*p**2 + 6*p + 37. Give v(-3).
109
Let a(b) = -60*b + 685. Determine a(10).
85
Let c(m) = -m**3 + 108*m**2 + 787*m - 127. Give c(-7).
-1
Let z(y) = -2*y**2 - 73*y + 2659. What is z(-59)?
4
Let j(r) = 4*r**3 + 31*r**2 + 57*r - 3. What is j(-4)?
9
Let j(t) = -18*t**3 + 3*t**2 + 20*t + 18. What is j(-1)?
19
Let d(s) = -s**3 + 4*s**2 + 22*s - 82. Determine d(5).
3
Let f(k) = -k**3 + 2*k**2 - 55*k + 239. Give f(4).
-13
Let r(h) = -45*h**2 - 270*h + 12. Calculate r(-6).
12
Let p(i) = 5*i - 41. Determine p(6).
-11
Let w(i) = -2*i**3 - 3*i**2 + 19*i + 2. What is w(-5)?
82
Let x(r) = -64*r + 45. Calculate x(2).
-83
Let f(p) = 29*p + 1187. What is f(-41)?
-2
Let k(x) = x**2 + 4*x + 46. Calculate k(0).
46
Let g(p) = 12*p**2 + 30*p + 7. What is g(-2)?
-5
Let x(d) = 497*d + 569. Determine x(-1).
72
Let c(l) = 5*l**2 - 22*l - 11. Give c(4).
-19
Let u(i) = 2*i**2 + 44*i - 162. Determine u(-26).
46
Let j(r) = -127*r - 22692. Determine j(-179).
41
Let x(n) = -19*n**2 - 113*n - 157. What is x(-4)?
-9
Let d(n) = 15*n - 314. Give d(31).
151
Let z(n) = -24*n - 13. Determine z(-12).
275
Let o(w) = 2*w - 32. Calculate o(16).
0
Let x(n) = 9*n**2 + 181*n + 35. Calculate x(-20).
15
Let u(n) = n**3 + 34*n**2 - 197*n + 2. Determine u(5).
-8
Let t(k) = -27*k**2 - 126*k + 38. Calculate t(-5).
-7
Let i(m) = -m**3 - 44*m**2 - 201*m - 35. Determine i(-39).
199
Let g(q) = -q**3 + 51*q**2 - 939*q + 47889. Give g(51).
0
Let w(x) = 55*x - 2060. Determine w(41).
195
Let d(m) = 2*m**3 - 5*m**2 - 8*m - 10. Determine d(6).
194
Let z(v) = -161*v**2 - 159*v + 2. What is z(-1)?
0
Let f(c) = c**2 - 5*c + 3. Determine f(3).
-3
Let s(i) = 19*i**2 - 101*i + 30. Calculate s(5).
0
Let z(p) = p**3 + 109*p**2 + 25*p + 2717. Calculate z(-109).
-8
Let n(k) = 163*k - 64. Give n(-2).
-390
Let b(q) = q**3 + 128*q**2 - 654*q + 1479. Determine b(-133).
16
Let d(h) = h**2 + 84*h - 5963. Give d(-130).
17
Let n(u) = -2*u**3 + 172*u**2 - 2. What is n(86)?
-2
Let w(g) = g**3 - 28*g**2 - 45*g + 422. Give w(29).
-42
Let s(f) = 2*f**3 + 6*f**2 + 10*f + 5. Determine s(-3).
-25
Let i(a) = 26*a**2 + 1069*a + 116. What is i(-41)?
-7
Let d(n) = 25*n**2 - 62*n - 14. What is d(3)?
25
Let o(b) = -14*b**2 + 7*b + 6. What is o(4)?
-190
Let f(v) = 9981*v - 99834. Determine f(10).
-24
Let z(k) = k**2 - 63*k + 447. What is z(55)?
7
Let c(r) = -14*r - 9. What is c(-1)?
5
Let h(o) = o**3 + 12*o**2 + 37*o - 4. Give h(-6).
-10
Let i(t) = 2*t**2 - 114*t - 609. Determine i(-5).
11
Let s(p) = -433*p + 3883. Calculate s(9).
-14
Let m(p) = -5*p**2 + 304*p + 62. Give m(61).
1
Let p(q) = -4*q - 132. Determine p(-7).
-104
Let w(g) = -g**3 - 55*g**2 + 1045*g - 352. Give w(-70).
-2
Let t(z) = z**3 - 41*z**2 + 43*z - 161. Determine t(40).
-41
Let r(h) = 2*h**2 + h - 153. What is r(-16)?
343
Let w(p) = -1667*p + 60014. Give w(36).
2
Let l(r) = r**2 + 105*r - 8722. Calculate l(55).
78
Let b(g) = -412*g + 858. Determine b(2).
34
Let k(o) = o**2 + 1229*o - 27517. Determine k(22).
5
Let n(r) = -r**3 + 5*r**2 + 10*r + 24. Give n(6).
48
Let a(g) = -g**3 + 12*g**2 - 28*g + 8. Determine a(5).
43
Let i(o) = -2*o**3 - 13*o*